 digit of l?
0
Let w be (-2 + 2 - 10)*(-4)/8. Suppose -4*h + w*k + 70 = h, -5*h + 78 = -k. What is the units digit of h?
6
Suppose -3*k + 5*n - 9*n + 743 = 0, 0 = -4*k - 3*n + 986. What is the hundreds digit of k?
2
Suppose 4*h = 7*k - 2*k - 10, 4*k + 5*h = 8. Suppose k*s = 38 - 4. What is the tens digit of s?
1
Suppose -5*o - 4*u = u + 5, 4*u + 8 = -5*o. Let w(b) = -b**2 - 2. Let g be w(o). What is the tens digit of ((-46)/(-3))/((-12)/g)?
2
Suppose 0 = 45*x - 32*x - 3302. What is the hundreds digit of x?
2
What is the tens digit of 62090/75 - (-4)/30?
2
Let h(i) = -i**3 - 18*i**2 + 3*i + 16. Let p be h(-18). Let j = p + 156. What is the tens digit of j?
1
Let y be (13 - 2)*10 + (5 - 4). Suppose 3*z = -3*i + z + y, 0 = 3*i - 2*z - 99. What is the units digit of i?
5
Let b(g) = -g**2 + 14*g + 24. Let k = 2 + 9. Let a be b(k). Suppose -2*n + a = n. What is the units digit of n?
9
Let k(l) = -l**3 + 19*l**2 - 17*l. What is the tens digit of k(13)?
9
Let p be ((-2)/4)/(18/216). What is the units digit of (p/12)/(2/(-180))?
5
Suppose -22*w - 3846 + 29652 = 0. What is the hundreds digit of w?
1
What is the tens digit of -17 + 4071 - (2 - 7)/5?
5
Let a(v) = -52 - 47 - 60*v + 86. What is the hundreds digit of a(-3)?
1
Suppose -3*m = -m - 28. Let d = m + -10. Suppose -3*c - 29 = 2*z - 3*z, 1 = z + d*c. What is the units digit of z?
7
Let q(i) = 809*i - 57. What is the tens digit of q(2)?
6
Let w(h) = -2*h**3 + 10*h**2 - h - 14. What is the units digit of w(-6)?
4
Suppose 5*x - 3*m = 216, 46*m - 44*m = x - 46. What is the units digit of x?
2
Let n(w) = -w**2 + 41*w - 37. What is the units digit of n(17)?
1
What is the tens digit of 5 + -76*(-9)/12?
6
Let l be (-5)/(1*(-2 - -1)). Suppose -5*t + 0*t + 180 = 5*u, 0 = l*t - 5. What is the units digit of u?
5
Suppose -3*y + 0*y = 3*f - 3, 3*f + 18 = 4*y. Suppose -4*u = -4*d + 176, -3*u + u = y*d - 117. What is the units digit of d?
1
Suppose 125*t = 103*t + 54780. What is the thousands digit of t?
2
Let q be -26 - 3*(3 - 4). Let s = q + 22. What is the units digit of 38 + 2 + 3 + s?
2
Let a = -532 + 1688. What is the thousands digit of a?
1
Let m = 212 - 206. What is the units digit of m?
6
Let m(x) = -6*x**2 + x**3 + x**2 - 3*x + 4 + 6*x. Suppose 3*r - 3 = u - r, 20 = 2*u + 5*r. What is the tens digit of m(u)?
1
Suppose 117 = t - 4*d, -t - 4*t + 615 = -5*d. What is the units digit of t?
5
Let f(l) = 2*l**2 - 83*l - 35. What is the hundreds digit of f(57)?
7
Let g(q) = 6*q**3 + 4*q**2 + 4*q - 1. Let d(u) = 3*u**3 + 2*u**2 + 2*u - 1. Let y(l) = 7*d(l) - 4*g(l). What is the tens digit of y(-4)?
6
Let k = -19 - -35. Let q = k - 14. What is the units digit of q?
2
Suppose 0*t + 16 = 4*t - 4*c, t + 11 = -4*c. What is the units digit of t/(-2)*4 - -69?
7
Let d(z) = -9*z + 16. Let n(j) = -3*j + 5. Let b(p) = -6*d(p) + 17*n(p). Let m(o) = -o + 19. Let g be m(11). What is the tens digit of b(g)?
1
Suppose -5*i = -2*i + 198. Let d(r) = -8*r + 1. Let h be d(5). Let x = h - i. What is the tens digit of x?
2
Let n(j) = 4*j - 3*j**2 - 4*j + 2 + 2*j. Let v be n(2). What is the units digit of (v/5)/(6/(-15))?
3
Suppose 0 = -26*i + 43109 + 3249. What is the units digit of i?
3
Suppose -23 = -3*c - r, 4*c - 2*r = 2*r + 36. Let a be ((-54)/c)/((-9)/(-24)). Let x(k) = -2*k - 4. What is the tens digit of x(a)?
3
Suppose -4*x = -5*x - 7. What is the units digit of (-5)/(25/5)*x?
7
What is the units digit of (-1 - -7 - -840)/1?
6
Let y be (-5)/((-10)/2) + -1. Suppose y*v - 303 = -3*v. What is the tens digit of v?
0
Suppose -9 - 7 = 4*w. Let q be ((-3 - -3)/w)/(-2). Suppose q = 4*y - 65 - 115. What is the units digit of y?
5
Suppose 11*t + 3*v + 893 = 12*t, 4*t + 4*v - 3540 = 0. What is the units digit of t?
7
Suppose 14*h - 147 + 35 = 0. Suppose h*o = 422 + 370. What is the units digit of o?
9
What is the units digit of 408 + (0/22)/(0 - 2)?
8
Let q(h) = h**3 + h**2 + h + 145. What is the hundreds digit of q(0)?
1
Suppose 2*g + 10 = 3*k + 4*g, -5*g + 25 = 4*k. Suppose -3*b + 156 + 48 = k. What is the units digit of b?
8
Let a = -141 + 180. What is the tens digit of a?
3
Suppose -1090 = -5*u - 4*y, 2*u = 3*u + 2*y - 218. Let a = -129 + u. What is the tens digit of a?
8
Let z be (-4)/(-14) + (-24)/(-14). Let k be (z/2)/((-3)/36). Let j(o) = -3*o - 5. What is the tens digit of j(k)?
3
Let p = -3 + -3. Let u be -3 - (p/(-3) - -4). Let y = u - -33. What is the tens digit of y?
2
Let x = 37 - 1. What is the units digit of x?
6
Suppose 16*j - 4*j = 24. Suppose -j*r = -49 - 17. What is the units digit of r?
3
Suppose 11 = j - 4*a, 2*a + 10 = j + 3. Let u be (j - 1)/((-4)/8). Let o(c) = -16*c - 9. What is the tens digit of o(u)?
5
Let y(w) be the third derivative of -w**5/60 + 3*w**4/8 + 3*w**3/2 + 3*w**2. Suppose -4*v + 17 + 15 = 0. What is the tens digit of y(v)?
1
Suppose -6*u + 4*u = -p - 1225, -u + 625 = -3*p. What is the units digit of u?
0
Let h(g) = -13*g + 14*g + 50 - 35. What is the units digit of h(-7)?
8
Let t(a) = -8*a**3 - 14*a**2 - 16*a - 8. What is the tens digit of t(-5)?
2
Let t be 548/(1*(2 - 1)). Let o = 228 - t. What is the tens digit of (-5)/(-2)*o/(-50)?
1
Suppose 4 = -z, 250 = 5*g + 12*z - 17*z. What is the tens digit of g?
4
Let d(c) = c**3 + 11*c**2 + c + 13. Let b be d(-10). Let q = b + -54. What is the units digit of q?
9
What is the units digit of 4 + 13/(52/6048)?
6
Let a(d) be the second derivative of -d**4/12 + 5*d**3/2 - 9*d**2 - d. Let j be a(13). Suppose -3*k - k = -j. What is the units digit of k?
2
What is the thousands digit of (-12)/((-432)/(-60)) - (-6860)/3?
2
Let b be (2 - (-48)/(-3)) + -1. Let f = 20 - b. What is the units digit of f?
5
Let d(a) be the third derivative of -9*a**2 + 1/20*a**5 + 0*a + 0 + 1/6*a**3 + 1/6*a**4. What is the units digit of d(-3)?
6
Suppose 758 = 8*g + 254. Let k = -27 + g. What is the units digit of k?
6
Let s(l) be the first derivative of 1/3*l**3 - 4*l**2 - 7*l + 5. What is the units digit of s(11)?
6
Let s be -2 + (3 + 1 - 13). Let x = 8 - s. What is the units digit of x?
9
Suppose 5*w = -10*i + 13*i - 2187, 4*i - 4*w - 2908 = 0. What is the hundreds digit of i?
7
Let g = -40 - -36. What is the tens digit of (9/(-30))/(2/105)*g?
6
Suppose 2*y + 0*y - 3*r - 77 = 0, 5*y - r - 160 = 0. Suppose -5*c = -4*q + 73, 3*q + 2*c = 18 + y. What is the tens digit of q?
1
Let n(u) be the first derivative of 53*u**4/2 - 2*u**3/3 + u**2 - u - 23. What is the hundreds digit of n(1)?
1
Suppose b - 5*b = 2*c - 1054, -c + 521 = -4*b. What is the units digit of c?
5
Suppose 258*d = 276*d - 16884. What is the tens digit of d?
3
Let j(l) = 5*l**3 - 5*l**2 + 3*l + 8. What is the tens digit of j(6)?
2
Let g be 1*(-3)/3 - -4. Let w be -3*g/(-27)*9. Suppose 8*h - 3*h - s = 157, w*h = 3*s + 87. What is the units digit of h?
2
Suppose 14*w + 3906 = 20*w. What is the tens digit of w?
5
Let j = -119 + 264. Let o = -45 + j. What is the hundreds digit of o?
1
Let j(w) = w**2 - 5*w + 15. Let i be j(5). What is the units digit of (212/10)/(-3*(-2)/i)?
3
Let z(a) = 4*a**3 - a**2 + 7*a - 7. Let i be z(4). Let g = i + -7. What is the tens digit of g?
5
Let t be 0/(-3 - -5) + 0. Suppose -2*f - 2*f = t. Suppose -5*j = -4*p + 156, 3*p - 117 = -f*j + 2*j. What is the tens digit of p?
3
Suppose -922 = -3*t - w, -16*w = 2*t - 11*w - 632. What is the tens digit of t?
0
Let h(k) = -33*k**3 + 5*k**2 + 5*k - 2. Suppose 12*d - 15 = -39. What is the tens digit of h(d)?
7
Let y(p) = 11*p**2 - 56*p + 52. What is the tens digit of y(17)?
7
Suppose 6*w = 1531 + 3707. What is the units digit of w?
3
What is the hundreds digit of (-425 - 9)/(2 + -3)?
4
Let w(o) = -o**3 + 2*o**2 - 1. Let c be w(-1). Let z be (c/(-3))/(1/(-36)). Suppose 4*x - z = 24. What is the tens digit of x?
1
What is the tens digit of 5 - (2 + 3 - 606)?
0
Suppose 0 = 7*f - 36 - 6. Let l be (f + 2)*1/2. Let x(o) = 2*o**3 - 5*o**2 + 4*o - 8. What is the units digit of x(l)?
6
Let d(k) = -90*k**3 + 2*k**2 - 3*k + 2. Let r be d(1). Let x = -6 - r. What is the units digit of x?
3
Let t(i) = -3*i + 3. Let g(a) = -2*a + 8. Let v = 0 + 7. Let f be g(v). What is the tens digit of t(f)?
2
Let a(p) = 2*p**2 - 2*p - 12. What is the units digit of a(-3)?
2
Let c be 7 + (-90)/12 - (-217)/2. Let i = c + -6. What is the tens digit of i?
0
Let s(k) = k + 1. Let y